reatest common factor of g and 60.
15
Suppose -4*x + 1716 = -5*k, 5*x = -k - 0*k + 2145. Calculate the highest common factor of x and 39.
39
Let h be ((-2)/(-3))/((-2)/(-90)). Let s(c) = 3*c**2 + 9*c - 9. Let f be s(-7). What is the highest common factor of h and f?
15
Let o(b) = b**2 - 7*b - 7. Let v be o(10). Suppose g - 4*k - 123 = 0, 240 = 2*g + 3*k - 8*k. Calculate the greatest common divisor of v and g.
23
Suppose 5*n - 718 = 2*d, -3*n + 4*d + 572 = n. Let y be (0 - -1)*0 + 4. Suppose y*g - 5*g = -16. What is the highest common divisor of n and g?
16
Suppose 4*p - 58 = -442. Let i be ((-2)/(-6))/((-8)/p). Calculate the greatest common divisor of 28 and i.
4
Suppose -4*g + 3*b + 46 = 0, 34 = 3*g - 0*g - 2*b. What is the greatest common factor of 20 and g?
10
Let i(y) = 2*y**3 - 4*y**2 + 7*y - 11. Let g be i(4). Calculate the highest common factor of 54 and g.
27
Suppose 0 = 3*n - 321 - 57. Let a = 15 - 1. What is the highest common factor of a and n?
14
Let o be (-26)/8 - 8/(-32). Let k = o + 8. What is the greatest common factor of 1 and k?
1
Let y = -13 - -38. Suppose l = 5*l - 100. Calculate the greatest common divisor of l and y.
25
Let p = 45 - 3. Suppose 3*h = 6*h - p. Let i = -20 - -55. What is the highest common factor of h and i?
7
Let x(s) = -s - 1. Let u be x(-4). Let w be u + 1 + 1 + 86. What is the highest common factor of w and 13?
13
Let y be 5/3 + 518/6. Calculate the highest common divisor of y and 8.
8
Let c(g) = -g**3 + 9*g**2 + 2*g - 6. Let n be c(9). Suppose -3*v - 147 + 399 = 0. Suppose 2*h + v = 3*h. What is the greatest common factor of h and n?
12
Let h be 2/(-6 + 4) - -81. Calculate the greatest common divisor of 10 and h.
10
Let p(z) = -z + 11. Let t be p(9). Let j be 1 - (-1 + 0/t). Let c = 5 - j. Calculate the highest common divisor of c and 33.
3
Suppose 204 = 4*x - 4*f, 2*f = 5*x - 114 - 141. Calculate the highest common factor of 34 and x.
17
Suppose 3*f - 7*f = -8. Suppose -2 = -f*h + 8. Suppose -h*g - 31 = -i, -3*i - 3*g = g - 36. Calculate the greatest common divisor of i and 40.
8
Let x(d) = 2*d + 4. Let r be x(3). What is the highest common divisor of 10 and r?
10
Let u(i) = i**3 - 7*i**2 - 10*i + 8. Let n be u(8). Let x = 2 - n. Calculate the highest common divisor of 70 and x.
10
Let t(k) = -k**3 - 3*k**2 + 6*k + 5. Let m(w) = -w**2. Let b be m(-2). Let z be t(b). Let x be -1*(-2 + 66/z). What is the greatest common factor of 16 and x?
8
Suppose -25 = 5*k, 4*z - 4*k - k = 29. Let q(s) = 7*s**2 + 1. Let b be q(z). What is the highest common factor of 24 and b?
8
Let a be 5 - 1 - -2 - 1. Let t = a - -3. Let z be (5 - (-301)/(-35))/((-6)/20). What is the greatest common factor of z and t?
4
Suppose 3*v - 5 = -5*d + 8, -5*v = d - 7. Suppose d = -m + 5. Suppose -605 = -8*w + m*w. What is the highest common factor of w and 11?
11
Let j(d) = 3*d**2 - 15*d + 6. Let a be j(7). Calculate the highest common divisor of a and 336.
48
Let j be 26 - (-1 + 1) - 4. Let n = 192 - 137. Calculate the highest common factor of j and n.
11
Let c = 106 - 75. Calculate the greatest common divisor of c and 124.
31
Let v(u) = -u**3 + 34*u**2 + 34*u + 52. Let z be v(35). Let c be (-1)/(1 + 0) + -11. Let j be (-102)/4*56/c. Calculate the highest common factor of j and z.
17
Suppose 5 = -18*c + 23*c. Calculate the greatest common factor of 3 and c.
1
Let v be (4/(-6))/((-34)/51). What is the greatest common divisor of 2 and v?
1
Let o = 2 - 1. Let p be (o + -3)/(6/(-231)). What is the greatest common factor of p and 7?
7
Let q(u) = -u**2 + 5*u - 1. Let h be q(6). Let s be 16/(-1 + h/(-5)). Calculate the greatest common factor of s and 16.
8
Suppose -3*s = 3*s - 162. Calculate the highest common factor of s and 36.
9
Suppose -18 = -5*r - v + 4*v, -r - 4*v = 1. Let h be r/(-6) - 33/(-2). What is the greatest common divisor of h and 4?
4
Let b be 3/(-1) - -31 - -2. What is the greatest common factor of b and 45?
15
Let f be 14/2 + 1/(-1). Let n(u) be the third derivative of u**5/60 - u**4/6 + 14*u**2. Let g be n(f). Calculate the greatest common divisor of g and 3.
3
Let p be (2 - -1) + 1 + -1. Let s be (-2)/p - (-80)/12. Let r be 2/9 + (-1600)/(-90). What is the highest common factor of r and s?
6
Let h be 2/(((-21)/9)/(-7)). What is the highest common factor of h and 6?
6
Let n be -2*1 - (-8)/4. Let k be ((-44)/(-6) - n)*3. Calculate the greatest common divisor of k and 33.
11
Suppose 106 = 5*x - 74. Let a = 6 - 9. Let m be 5/((-15)/(-279)) + a. Calculate the highest common factor of m and x.
18
Let o(q) = 2*q + 2. Let i be o(5). Suppose -36 + i = -3*w. Suppose -w = -3*h + 31. Calculate the greatest common divisor of h and 104.
13
Suppose 0*s = -2*s + 44. What is the greatest common factor of s and 55?
11
Let m be 8638/77 - (2/11)/1. What is the greatest common divisor of m and 14?
14
Suppose -17 + 1 = 4*b, 4*c - 5*b = 52. What is the greatest common factor of 24 and c?
8
Let r be 31 - (-2 + (-3)/(-3)). Calculate the highest common divisor of 48 and r.
16
Let i(c) = 2*c - 6. Suppose 13 = o - 8. Suppose 0 = -3*k - d + o, -2*k - 3*k - 2*d = -35. Let h be i(k). What is the greatest common divisor of h and 88?
8
Let k(w) = 117*w**2 - 4*w - 4. Let l be k(-2). Let n be l/48 - (-2)/12. What is the highest common factor of 30 and n?
10
Let i = 31 + 33. Calculate the highest common factor of 8 and i.
8
Let r = -3 + 6. Let v(c) = 2*c + 0*c**3 - r - c + c**3 - 3*c**2. Let u be v(5). Calculate the highest common divisor of u and 13.
13
Suppose 4*h = 4*f + 28, 3*f + 5 + 10 = 0. Let s be (0 - (h + -3))*40. What is the greatest common divisor of s and 5?
5
Suppose 5*v = 5*s - 525, 9*s - 525 = 4*s - 4*v. What is the greatest common factor of 42 and s?
21
Suppose 4*w + w - 138 = 4*c, 42 = w + 4*c. Suppose -3*x + 7 = -8. Suppose 3*b - 143 = 2*i, 0*b = 2*b + x*i - 70. What is the highest common divisor of b and w?
15
Let g(u) = -u**3 - 5*u - 4. Let s be g(-4). Calculate the greatest common factor of s and 10.
10
Let j be 2/2*(2 + -3 - -46). What is the greatest common divisor of 15 and j?
15
Suppose 7 - 1 = b. Calculate the highest common factor of 42 and b.
6
Suppose 3*h = h - i - 39, 3*h + 78 = 5*i. Let b = h - -45. What is the greatest common factor of 12 and b?
12
Let i(b) = -b**3 + b**2 + 7*b + 1. Let s be i(3). Let q = 28 - -4. Calculate the greatest common factor of q and s.
4
Suppose 120*w = 122*w - 22. What is the greatest common divisor of w and 22?
11
Let r = -52 + 78. Let o = 98 - 59. What is the greatest common divisor of o and r?
13
Let x be (-7 + 10)*(-16)/6. Let z = 42 - x. Let u = -18 + z. What is the greatest common factor of u and 4?
4
Let z = -7 - -12. What is the greatest common divisor of z and 2?
1
Suppose -2*h + a + 32 = 0, -2*a = 2*a. Let d = -8 - -32. What is the greatest common divisor of h and d?
8
Let t be (2/(-1) - -26) + 0. Suppose 5 = 4*w + 25, 3*i = -5*w - 19. Let y = i + 34. What is the highest common factor of t and y?
12
Suppose 0 = -3*b - 9, 0 = -2*v - 3*b + 58 - 9. What is the highest common factor of v and 29?
29
Let u = -8 + 13. Let t(l) = 6*l**2 - 6*l + 4. Let o(k) = -k**2 - 1. Let j(r) = -5*o(r) - t(r). Let n be j(u). What is the greatest common factor of 6 and n?
6
Let i = -8 - -116. What is the greatest common factor of i and 12?
12
Let k(h) = h - 6. Let f be k(6). Let a(w) = -9 + 5 + 3*w + f*w. Let s be a(5). Calculate the highest common factor of 33 and s.
11
Suppose -17*q + 26 = -15*q. Suppose 0 = -0*w + 2*w + 4*p - 270, 2*w - 302 = 4*p. What is the greatest common factor of w and q?
13
Let p(g) = g**2 - 13*g + 19. Let w be p(13). Calculate the greatest common factor of w and 19.
19
Let r be (-19)/((30/45)/(4/(-6))). What is the highest common divisor of 152 and r?
19
Let o(v) = v**2 + 9*v + 10. Suppose 4*g + 5*z = 6*z - 40, 4*z = 16. Let d be o(g). What is the greatest common divisor of d and 15?
5
Let m = -31 + 39. Suppose -108 + 519 = 3*w. Suppose 3*r = -2*q + w, -3*q - q + r = -253. What is the greatest common divisor of m and q?
8
Let t(p) = -p**2 - 6*p - 9. Let d be t(-7). Let a be -4*(-4)/d*-153. What is the greatest common factor of a and 17?
17
Suppose 2*q = 1 + 1. Calculate the highest common factor of 8 and q.
1
Suppose -5*v - 43 + 333 = 0. Let f = -26 + v. Calculate the greatest common 